alculate -3 + 0 + -49 + 27 + 66.
41
Calculate 93 + -103 - (59 - 22).
-47
Evaluate 12 + (2 - 0) - (-141 + 94).
61
(-6 - ((-16 - 2) + 0 - -27)) + 53
38
What is (-7 + -8 - (-12 + 11) - (81 - -4)) + -13?
-112
2 - (-20 + -1 + -7 + 13)
17
What is the value of 1 + (-12 + 5 - -10) - 4?
0
What is the value of 104 - 61 - (3 + (9 - (14 + -9)))?
36
0 + 20 + -10 + 4 + -4
10
What is -1 + -78 - (24 + (22 - (-14 + 47)))?
-92
-21 + (-5 - (8 - (35 - -19))) + -14
6
(-98 - 1) + (-25206 - -25423)
118
What is -2 + (9 - -2 - (-22 - (-53 - -15)))?
-7
What is -55 - (-50 - (13 - -29))?
37
-159 - -80 - ((26 - 17) + -5 + (-1 - -4))
-86
Calculate -1 - 11 - (-10 + 2 - (-229 + 231)).
-2
What is the value of 27 + (3 - 2) - (39 + -14 + -13)?
16
Calculate 28 + 97 + -137 + (0 - -7).
-5
Evaluate 21 + 37 + -125 + 80.
13
What is 3 + -38 + -24 + (43 - 26) - 6?
-48
What is 50 + 0 + 48 - (8 + -6 + -6)?
102
(-24 - (-35 + 20)) + (96 - 66)
21
Evaluate -9 + 2 + (-25 - -47) + (62 - (-8 - -23)).
62
What is the value of -123 + 158 - (-9 + (60 - -10))?
-26
What is 20 + 78 + (-40 - -22 - 4)?
76
What is (10 - (11 - (16 - 23))) + (0 - -13)?
5
-136 - ((-84 + -20 - -83) + (19 - 2))
-132
What is the value of -1820 + 1816 - ((26 - -2) + -2)?
-30
Evaluate (-39 - -27) + 1 - 8.
-19
What is the value of -107 + 37 - (0 + -88)?
18
What is -2 + (-31 + 14 - -17) + (10 - 1) - -7?
14
Evaluate (58 - 109) + 46 + 2 + 20.
17
16 + (-33 - -53 - 33)
3
Evaluate -44 - ((-4 - -6) + (17 - -1) - (452 - 440)).
-52
What is (27 + 4 - 6) + 14 + 0 + -3?
36
What is the value of 43 + -110 + (26 - 19)?
-60
What is the value of 2 + -18 + -3 + (-1 + -17 - -8 - -1)?
-28
Evaluate 1 - ((-32 - -54) + 57).
-78
2 + (-5 - ((5 - -2 - 3) + -3)) + 23
19
Calculate 20 + -1 - (-7 - (14 + (-24 - -6) + -6)).
16
What is the value of -4 + -2 + -11 + 6 - -12 - 12 - -77?
66
-92 + (27 + -8 + 16 - 9)
-66
Evaluate 17 + -41 + (-155 - -215).
36
Evaluate -62 - (-5 - 79 - -12).
10
Evaluate -33 - (-36 + 21 + -145).
127
Evaluate -35 - -33 - (9 + (-14 - (5 + 4 - 19))).
-7
What is the value of (79 - 61 - (-2 - 0) - 11) + 6?
15
(-1 - -1) + 89 + ((-11 - 8) + -17 - -20)
73
What is the value of (-15 + (41 - 19) - (-2 + 4)) + -5?
0
Calculate -126 - (-126 + 122 - (2 - 24)).
-144
Calculate 83 + (50 + -90 - -30).
73
-91 - -111 - (2 - (4 - 16)) - -69 - 6
69
What is the value of -16 - (-2 + (84 - (-11 - -3))) - -6?
-100
Calculate 41 - (12 + -12 + (-6 - -17) + -6 + 6).
30
Calculate 38 - (6 + -27 - -12 - (-7 + 8)).
48
Calculate (17 - (16 + -32)) + -12 - -32.
53
What is (0 - 5) + (-19 - 12 - -37) + -21?
-20
77 + 10 + 2 + -31 + 25
83
What is the value of -40 - ((-123 - -40) + 42)?
1
What is 6 - 1 - (-30 - (-2 - (-7 + -8)))?
48
-64 + 64 - (9 - 27 - 6)
24
Evaluate 21 + -52 + 69 + -3 + 10.
45
(-70 - 30) + 69 + 12 + 2
-17
What is the value of (-31 - (-114 + 54)) + 29?
58
Calculate -71 - ((-10 - (-12 + 7)) + (-1 - 8)).
-57
What is (679 - 673) + (2 - 2) + 70 + -3?
73
(81 - 74) + -9 + (2 + -1 - -3)
2
Evaluate 92 + (81 + -57 - 78).
38
(-19 - (19 - 21 - -4)) + -22
-43
What is the value of -1 - -1 - 2 - (-154 + (62 + -106 - -77))?
119
Evaluate 45 + 33 - 15 - (-14 + 8).
69
What is -25 - 1 - (531 - 523)?
-34
What is -15 + (-20 - ((15 - 5) + 0)) - 9?
-54
What is the value of 0 + -21 + 2 - (-10 - (-13 - -2 - -1))?
-19
Calculate (-29 - 6) + 46 - (-4 + -4).
19
What is (-754 - -688) + (1 - -53)?
-12
(-50 - 2 - (40 + -67)) + -26
-51
Calculate -3 + 1 + 625 + -651.
-28
Calculate 1 + 64 + (7 - (-4 - 0) - 5) + -3.
68
Calculate -11 + 9 + 0 + (-4 + 16 - (52 - 31)).
-11
Calculate (-358 - -277) + -2 + 61.
-22
Calculate (109 + -84 - 28) + -110.
-113
(-547 - -580) + (1 - 11 - (-1 - -2))
22
What is -62 + 9 + (-6 + -10 - (-6 - 17))?
-46
What is -64 + -57 + 141 + -2?
18
What is the value of (-564 + 587 - (-2 + 29)) + 17?
13
Calculate 0 + -7 + (27 - ((-1 - -1) + 186 + -157)).
-9
What is 93 + (-3 + -145 - -168)?
113
What is (59 + -5 - -7 - (54 - 41)) + -15 - 15?
18
12 + (13 - (-3 - 1 - -59 - -4))
-34
What is the value of 1 + -9 - ((-9 - -17) + -16) - 17?
-17
What is the value of -10 + (0 - 2) + 12 - (-63 - -15)?
48
What is -16 - ((-19 - -57) + -27)?
-27
What is -30 + 21 + 16 - (5 + -31) - 18?
15
Calculate -4 + 6 + -16 + 8 - (-120 - -98).
16
(74 + -100 - -55) + -29
0
What is 1 + 21 + -1 + (-23 - -10)?
8
Evaluate 1929 + -1986 + 45 + 2.
-10
Calculate (-49 - (-8 + 1)) + 50 + -19 + -36.
-47
Calculate 71 - -1 - (63 + (-153 - -96)).
66
What is 44 + 7 + (-17 + 29 - 4 - (22 + 0))?
37
Calculate 2 + 11 + (-30 - -4 - -42).
29
(-69 - -19) + 80 - -27
57
Calculate (-10 - (-34 - -41)) + -79 - -24.
-72
Calculate (-14 + 10 - 13 - -48) + -41.
-10
Calculate (-101 - -15) + 170 + -150.
-66
Evaluate 194 + -253 + (2 - -35).
-22
What is the value of 131 + 93 + (-350 - -22)?
-104
(225 - 233) + 0 + 1 + (136 - 2)
127
Calculate 477 - 473 - (0 + 1 - (1 + -41 - -6)).
-31
(-45 + 133 - 64) + (0 - 1)
23
40 + -1 + (23 - -135) + -185
12
What is (1 + -8 - -9) + 11 + 5 + 35?
53
What is the value of (138 - 255 - -197) + -54?
26
(-14 - 6 - -22) + -9 - (0 + -13)
6
What is (20 - 34) + -8 + -19 - (3 - (-6 - -3))?
-47
(-25 - (-34 - 10)) + (-1 - (-38 + 6))
50
-4 - (-4 + -14 - -50 - 16)
-20
Calculate (5 - 3) + 72 + -67 + (-16 - -4).
-5
What is the value of -19 - (-13 + (2 - -18)) - (1 - 12)?
-15
Calculate -3 + (53 - (-32 + 109)).
-27
-1 + -47 + 54 + -91 + 37
-48
Calculate 20 + (-17 - (8 + 21 - 23)) + (72 - 1).
68
Evaluate 35 + (-4 - -6) - (-7 - (-8 - (6 - 9))).
39
What is the value of (-1 - -53 - 11) + 4?
45
What is the value of (1 - 1) + (7 - (-16 + (13 - 25) - -12))?
23
What is -1435 + 1445 + 0 + -2?
8
What is -522 - -616 - (-19 + 0)?
113
What is the value of 25 + -16 - (3 - (42 - (-8 + 13)))?
43
Evaluate (-77 - -33) + 55 + 4 + -19.
-4
Calculate 3 - -9 - 43 - -26.
-5
What is the value of -140 + 76 + 86 + -85?
-63
What is 3 + -4 + 2 - (12 - 48)?
37
What is the value of -13 - (5 - 12) - ((-214 - -212) + 0 + -24)?
20
1 - 8 - (-141 + 11 + (10 - 19 - -13))
119
Calculate (-240 - -270) + (-7 - 6 - -31).
48
What is the value of -14 + (10 - (-10 + 44))?
-38
What is the value of -5 + -1 + (-82 - -58 - -14 - (-7 + 1))?
-10
Calculate (-184 - -81) + (-155 - -260).
2
What is 0 - -21 - (3043 - 3009)?
-13
What is -23 - ((55 - 64) + 7)?
-21
-179 + 422 - 242 - (1 + 12 + -1) - 3
-14
Calculate 35 + (20 - 52) + 34.
37
Calculate (-4 - -4) + 23 + -33 + (17 - (-6 + 13)).
0
What is 9 + 27 + -28 + -4 + -5 + (6 - -1)?
6
What is -9 + (-4 - (9 - 4 - (14 - (-12 + -28))))?
36
What is 10 - ((34 + -24 - 15) + -12)?
27
Evaluate -2 + -3 - 71 - ((-9 - (15 - 24)) + -10).
-66
(-6 - -13) + -1 + -139 + (28 - 6)
-111
Evaluate -13 + 0 - (29 - 7 - 29) - -93.
87
What is the value of (34 - -2) + -677 + 695?
54
Calculate 47 - (0 - 14 - (131 - 144)).
48
What is (170 - (214 + -55)) + ((3 - 6) + 0 - 79)?
-71
What is the value of (121 - 72) + -76 - (12 + 3)?
-42
Calculate -65 + 24 + -21 + 45.
-17
(-9 - (-4 - 16 - -11)) + (5 - -26)
31
2 + (1 - 1) + (51 - 30) + -38 + 30
15
Calculate 24 + (-14 - 0) + 139 + -138.
11
Calculate 22 + -60 + 49 + (-1 + 20 - -1).
31
Calculate -2 + 10 - -1 - (-5962 - -5964).
7
What is (-367 - -362) + (-4 - ((2 - 3) + -21))?
13
1 + 64 - (56 - -40)
-31
What is 74 + (2 - 3) + 2 + -20 + 15?
70
What is 2 + -1 + (282 - 310 - (-15 - -1) - -12)?
-1
What is the value of (2 - -2) + (-10 - (-33 + 48))?
-21
-53 + -27 + (38 - -3)
-39
Calculate 67 + -96 + -31 + 13.
-47
What is the value of -34 - (9 + (-5 - (17 - 6)) - -4)?
-31
Evaluate -40 + (-6 - (23 - (4 - -17) - -16)).
-64
What is the value of (-98 - -1) + 0 - ((-112 - -91) + -31 - -59)?
-104
What is (10 - 7 - (-6 + 12 + -11)) + 1?
9
What is the value of (232 - 190 - 47) + -79 + (1 - 2)?
-85
What is 49 - (16 + (4 - (-17 - (6 + -41))))?
47
What is the value of -34 + 2 - (15 + 49 - 175)?
79
What is 11 + -15 + -24 + -85 + (3 - (-2 - 2))?
-106
What is 44 - (74 + (73 - 44))?
-59
(1 - 1) + (55 + -34 + 15 - (10 - 1))
27
What is -2 + (-13 + -1 - (606 - 624)) - (-63 - -2)?
63
Calculate -4 - (8 + 40) - (1 + 6 + -2 + -14).
-43
-34 - (-21 - ((-26 + 15 - -3) + 8))
-13
Evaluate -56 + 92 - ((-5 - (-7 - 0)) + (-8 - -10)).
32
Evaluate (10 - -1) + (-2 + -91 - (79 + (-55 - 28))).
-78
Calculate (-2044 - -1829) + 2 + 87.
-126
Calculate 1471 - 1466 - (3 - -37).
-35
-1 - (2 + -14 - -15) - (10 + -1)
-13
Calculate -22 + 11 + (19 - 15 - 1).
-8
Calculate -2